{"id":92,"date":"2020-08-04T06:12:15","date_gmt":"2020-08-04T06:12:15","guid":{"rendered":"https:\/\/derelifidan.com\/index.php\/our-farm\/"},"modified":"2022-08-20T10:29:40","modified_gmt":"2022-08-20T10:29:40","slug":"hakkimizda","status":"publish","type":"page","link":"https:\/\/derelifidan.com\/index.php\/hakkimizda\/","title":{"rendered":"Hakk\u0131m\u0131zda"},"content":{"rendered":"\t\t<div data-elementor-type=\"wp-page\" data-elementor-id=\"92\" class=\"elementor elementor-92\">\n\t\t\t\t\t\t<section class=\"elementor-section elementor-top-section elementor-element elementor-element-6128fcf elementor-section-boxed elementor-section-height-default elementor-section-height-default\" data-id=\"6128fcf\" data-element_type=\"section\" data-settings=\"{&quot;background_background&quot;:&quot;classic&quot;}\">\n\t\t\t\t\t\t\t<div class=\"elementor-background-overlay\"><\/div>\n\t\t\t\t\t\t\t<div class=\"elementor-container elementor-column-gap-no\">\n\t\t\t\t\t<div class=\"elementor-column elementor-col-50 elementor-top-column elementor-element elementor-element-fd151ed\" data-id=\"fd151ed\" data-element_type=\"column\">\n\t\t\t<div class=\"elementor-widget-wrap elementor-element-populated\">\n\t\t\t\t\t\t<div class=\"elementor-element elementor-element-a845796 elementor-widget-divider--view-line elementor-widget elementor-widget-divider\" data-id=\"a845796\" data-element_type=\"widget\" data-widget_type=\"divider.default\">\n\t\t\t\t<div class=\"elementor-widget-container\">\n\t\t\t\t\t\t\t<div class=\"elementor-divider\">\n\t\t\t<span class=\"elementor-divider-separator\">\n\t\t\t\t\t\t<\/span>\n\t\t<\/div>\n\t\t\t\t\t\t<\/div>\n\t\t\t\t<\/div>\n\t\t\t\t<div class=\"elementor-element elementor-element-b80c507 elementor-widget elementor-widget-heading\" data-id=\"b80c507\" data-element_type=\"widget\" data-widget_type=\"heading.default\">\n\t\t\t\t<div class=\"elementor-widget-container\">\n\t\t\t\t\t<h1 class=\"elementor-heading-title elementor-size-default\">Hakk\u0131m\u0131zda<\/h1>\t\t\t\t<\/div>\n\t\t\t\t<\/div>\n\t\t\t\t\t<\/div>\n\t\t<\/div>\n\t\t\t\t<div class=\"elementor-column elementor-col-50 elementor-top-column elementor-element elementor-element-e42f3a2\" data-id=\"e42f3a2\" data-element_type=\"column\">\n\t\t\t<div class=\"elementor-widget-wrap\">\n\t\t\t\t\t\t\t<\/div>\n\t\t<\/div>\n\t\t\t\t\t<\/div>\n\t\t<\/section>\n\t\t\t\t<section class=\"elementor-section elementor-top-section elementor-element elementor-element-2726884 elementor-section-boxed elementor-section-height-default elementor-section-height-default\" data-id=\"2726884\" data-element_type=\"section\">\n\t\t\t\t\t\t<div class=\"elementor-container elementor-column-gap-no\">\n\t\t\t\t\t<div class=\"elementor-column elementor-col-100 elementor-top-column elementor-element elementor-element-c6dac85\" data-id=\"c6dac85\" data-element_type=\"column\">\n\t\t\t<div class=\"elementor-widget-wrap elementor-element-populated\">\n\t\t\t\t\t\t<div class=\"elementor-element elementor-element-a6cfd48 elementor-widget elementor-widget-heading\" data-id=\"a6cfd48\" data-element_type=\"widget\" data-widget_type=\"heading.default\">\n\t\t\t\t<div class=\"elementor-widget-container\">\n\t\t\t\t\t<h6 class=\"elementor-heading-title elementor-size-default\">Sedat dereli meyve fidanlar\u0131<\/h6>\t\t\t\t<\/div>\n\t\t\t\t<\/div>\n\t\t\t\t<div class=\"elementor-element elementor-element-4844185 elementor-widget-divider--view-line elementor-widget elementor-widget-divider\" data-id=\"4844185\" data-element_type=\"widget\" data-widget_type=\"divider.default\">\n\t\t\t\t<div class=\"elementor-widget-container\">\n\t\t\t\t\t\t\t<div class=\"elementor-divider\">\n\t\t\t<span class=\"elementor-divider-separator\">\n\t\t\t\t\t\t<\/span>\n\t\t<\/div>\n\t\t\t\t\t\t<\/div>\n\t\t\t\t<\/div>\n\t\t\t\t<div class=\"elementor-element elementor-element-f3bbca3 elementor-widget elementor-widget-heading\" data-id=\"f3bbca3\" data-element_type=\"widget\" data-widget_type=\"heading.default\">\n\t\t\t\t<div class=\"elementor-widget-container\">\n\t\t\t\t\t<h2 class=\"elementor-heading-title elementor-size-default\">Y\u00fcksek Kalitede \u00dcr\u00fcnlerimiz<br>\nd\u00fcnyan\u0131n her yerine gidiyor<\/h2>\t\t\t\t<\/div>\n\t\t\t\t<\/div>\n\t\t\t\t<div class=\"elementor-element elementor-element-6e4cc60 elementor-widget elementor-widget-text-editor\" data-id=\"6e4cc60\" data-element_type=\"widget\" data-widget_type=\"text-editor.default\">\n\t\t\t\t<div class=\"elementor-widget-container\">\n\t\t\t\t\t\t\t\t\t<p>1968 y\u0131l\u0131ndan beri ata mesle\u011fi olarak ba\u015flad\u0131\u011f\u0131 meyve fidan \u00fcretimini, Sedat Dereli meyve fidanlar\u0131 olarak devam etmektedir. 15 dekar \u00f6rt\u00fc alt\u0131nda yakla\u015f\u0131k 200.000 adet t\u00fcpl\u00fc fidan \u00fcretimi ve 500 dekar arazide 1.500.000 adet a\u00e7\u0131k k\u00f6kl\u00fc meyve fidan\u0131 \u00fcretimi yap\u0131lmaktad\u0131r.<\/p>\t\t\t\t\t\t\t\t<\/div>\n\t\t\t\t<\/div>\n\t\t\t\t<div class=\"elementor-element elementor-element-f52390c elementor-widget elementor-widget-image\" data-id=\"f52390c\" data-element_type=\"widget\" data-widget_type=\"image.default\">\n\t\t\t\t<div class=\"elementor-widget-container\">\n\t\t\t\t\t\t\t\t\t\t\t\t\t\t\t<img fetchpriority=\"high\" decoding=\"async\" width=\"2560\" height=\"1707\" src=\"https:\/\/derelifidan.com\/wp-content\/uploads\/2022\/06\/DSC03240-scaled.jpg\" class=\"attachment-full size-full wp-image-334\" alt=\"\" srcset=\"https:\/\/derelifidan.com\/wp-content\/uploads\/2022\/06\/DSC03240-scaled.jpg 2560w, https:\/\/derelifidan.com\/wp-content\/uploads\/2022\/06\/DSC03240-300x200.jpg 300w, https:\/\/derelifidan.com\/wp-content\/uploads\/2022\/06\/DSC03240-1024x683.jpg 1024w, https:\/\/derelifidan.com\/wp-content\/uploads\/2022\/06\/DSC03240-768x512.jpg 768w, https:\/\/derelifidan.com\/wp-content\/uploads\/2022\/06\/DSC03240-1536x1024.jpg 1536w, https:\/\/derelifidan.com\/wp-content\/uploads\/2022\/06\/DSC03240-2048x1365.jpg 2048w\" sizes=\"(max-width: 2560px) 100vw, 2560px\" \/>\t\t\t\t\t\t\t\t\t\t\t\t\t\t\t<\/div>\n\t\t\t\t<\/div>\n\t\t\t\t<section class=\"elementor-section elementor-inner-section elementor-element elementor-element-82c21c8 elementor-section-boxed elementor-section-height-default elementor-section-height-default\" data-id=\"82c21c8\" data-element_type=\"section\">\n\t\t\t\t\t\t<div class=\"elementor-container elementor-column-gap-no\">\n\t\t\t\t\t<div class=\"elementor-column elementor-col-33 elementor-inner-column elementor-element elementor-element-88f5eed\" data-id=\"88f5eed\" data-element_type=\"column\">\n\t\t\t<div class=\"elementor-widget-wrap elementor-element-populated\">\n\t\t\t\t\t\t<div class=\"elementor-element elementor-element-74c1dbf elementor-widget-divider--view-line elementor-widget elementor-widget-divider\" data-id=\"74c1dbf\" data-element_type=\"widget\" data-widget_type=\"divider.default\">\n\t\t\t\t<div class=\"elementor-widget-container\">\n\t\t\t\t\t\t\t<div class=\"elementor-divider\">\n\t\t\t<span class=\"elementor-divider-separator\">\n\t\t\t\t\t\t<\/span>\n\t\t<\/div>\n\t\t\t\t\t\t<\/div>\n\t\t\t\t<\/div>\n\t\t\t\t<div class=\"elementor-element elementor-element-b50b043 elementor-widget elementor-widget-heading\" data-id=\"b50b043\" data-element_type=\"widget\" data-widget_type=\"heading.default\">\n\t\t\t\t<div class=\"elementor-widget-container\">\n\t\t\t\t\t<h2 class=\"elementor-heading-title elementor-size-default\">ne Yap\u0131yoruz?<\/h2>\t\t\t\t<\/div>\n\t\t\t\t<\/div>\n\t\t\t\t\t<\/div>\n\t\t<\/div>\n\t\t\t\t<div class=\"elementor-column elementor-col-66 elementor-inner-column elementor-element elementor-element-0290361\" data-id=\"0290361\" data-element_type=\"column\">\n\t\t\t<div class=\"elementor-widget-wrap elementor-element-populated\">\n\t\t\t\t\t\t<div class=\"elementor-element elementor-element-c733df5 elementor-widget elementor-widget-text-editor\" data-id=\"c733df5\" data-element_type=\"widget\" data-widget_type=\"text-editor.default\">\n\t\t\t\t<div class=\"elementor-widget-container\">\n\t\t\t\t\t\t\t\t\t<p>Mikro-A\u015f\u0131 teknigiyle sertifikal\u0131, ismine do\u011fru , vir\u00fcsten ari saks\u0131l\u0131 ve a\u00e7\u0131k k\u00f6kl\u00fc meyve fidan\u0131 \u00fcretimi<\/p><p>* Y\u0131ll\u0131k 4.000.000 adet meyve fidan\u0131 \u00fcretme alt yap\u0131s\u0131na sahibiz,<\/p><p>* Firmam\u0131z\u0131n profesyonel ekibi ile teknik destek verir,<\/p><p>* Yat\u0131r\u0131m yap\u0131lacak b\u00f6lgeye uygun anac\u0131 ve \u00e7e\u015fidi, profesyonel ekibimiz ile belirleriz,<\/p><p>* Sert \u00e7ekirdekli , Yumusak \u00e7ekirdekli , sert kabuklu meyve fidan\u0131 \u00fcretimi ger\u00e7ekle\u015ftiririz.<\/p>\t\t\t\t\t\t\t\t<\/div>\n\t\t\t\t<\/div>\n\t\t\t\t\t<\/div>\n\t\t<\/div>\n\t\t\t\t\t<\/div>\n\t\t<\/section>\n\t\t\t\t<section class=\"elementor-section elementor-inner-section elementor-element elementor-element-cfe1252 elementor-section-boxed elementor-section-height-default elementor-section-height-default\" data-id=\"cfe1252\" data-element_type=\"section\">\n\t\t\t\t\t\t<div class=\"elementor-container elementor-column-gap-no\">\n\t\t\t\t\t<div class=\"elementor-column elementor-col-33 elementor-inner-column elementor-element elementor-element-715f4c4\" data-id=\"715f4c4\" data-element_type=\"column\">\n\t\t\t<div class=\"elementor-widget-wrap elementor-element-populated\">\n\t\t\t\t\t\t<div class=\"elementor-element elementor-element-35db731 elementor-widget-divider--view-line elementor-widget elementor-widget-divider\" data-id=\"35db731\" data-element_type=\"widget\" data-widget_type=\"divider.default\">\n\t\t\t\t<div class=\"elementor-widget-container\">\n\t\t\t\t\t\t\t<div class=\"elementor-divider\">\n\t\t\t<span class=\"elementor-divider-separator\">\n\t\t\t\t\t\t<\/span>\n\t\t<\/div>\n\t\t\t\t\t\t<\/div>\n\t\t\t\t<\/div>\n\t\t\t\t<div class=\"elementor-element elementor-element-34e490e elementor-widget elementor-widget-heading\" data-id=\"34e490e\" data-element_type=\"widget\" data-widget_type=\"heading.default\">\n\t\t\t\t<div class=\"elementor-widget-container\">\n\t\t\t\t\t<h2 class=\"elementor-heading-title elementor-size-default\">Vizyonumuz;<\/h2>\t\t\t\t<\/div>\n\t\t\t\t<\/div>\n\t\t\t\t\t<\/div>\n\t\t<\/div>\n\t\t\t\t<div class=\"elementor-column elementor-col-66 elementor-inner-column elementor-element elementor-element-4575208\" data-id=\"4575208\" data-element_type=\"column\">\n\t\t\t<div class=\"elementor-widget-wrap elementor-element-populated\">\n\t\t\t\t\t\t<div class=\"elementor-element elementor-element-13508ec elementor-widget elementor-widget-text-editor\" data-id=\"13508ec\" data-element_type=\"widget\" data-widget_type=\"text-editor.default\">\n\t\t\t\t<div class=\"elementor-widget-container\">\n\t\t\t\t\t\t\t\t\t<p>\u0130smine do\u011fru , vir\u00fcsten ari , sa\u011fl\u0131kl\u0131 , sertifikal\u0131 fidanlar\u0131 ; uygun ana\u00e7 ve \u00e7e\u015fitleri uygun arazilere do\u011fru yat\u0131r\u0131m\u0131 yapt\u0131rarak yat\u0131r\u0131mc\u0131ya do\u011fru kazanc\u0131 sa\u011flamak .<\/p>\t\t\t\t\t\t\t\t<\/div>\n\t\t\t\t<\/div>\n\t\t\t\t\t<\/div>\n\t\t<\/div>\n\t\t\t\t\t<\/div>\n\t\t<\/section>\n\t\t\t\t\t<\/div>\n\t\t<\/div>\n\t\t\t\t\t<\/div>\n\t\t<\/section>\n\t\t\t\t<section class=\"elementor-section elementor-top-section elementor-element elementor-element-f0bbef7 elementor-section-boxed elementor-section-height-default elementor-section-height-default\" data-id=\"f0bbef7\" data-element_type=\"section\">\n\t\t\t\t\t\t<div class=\"elementor-container elementor-column-gap-default\">\n\t\t\t\t\t<div class=\"elementor-column elementor-col-100 elementor-top-column elementor-element elementor-element-1323a1f\" data-id=\"1323a1f\" data-element_type=\"column\">\n\t\t\t<div class=\"elementor-widget-wrap elementor-element-populated\">\n\t\t\t\t\t\t<div class=\"elementor-element elementor-element-2d18026 elementor-widget elementor-widget-heading\" data-id=\"2d18026\" data-element_type=\"widget\" data-widget_type=\"heading.default\">\n\t\t\t\t<div class=\"elementor-widget-container\">\n\t\t\t\t\t<h2 class=\"elementor-heading-title elementor-size-default\">D\u00dcNYANIN EN \u0130Y\u0130LER\u0130 \u0130LE \u00c7ALI\u015eIYORUZ<\/h2>\t\t\t\t<\/div>\n\t\t\t\t<\/div>\n\t\t\t\t<div class=\"elementor-element elementor-element-6c79372 elementor-widget elementor-widget-image-gallery\" data-id=\"6c79372\" data-element_type=\"widget\" data-widget_type=\"image-gallery.default\">\n\t\t\t\t<div class=\"elementor-widget-container\">\n\t\t\t\t\t\t\t<div class=\"elementor-image-gallery\">\n\t\t\t<div id='gallery-1' class='gallery galleryid-92 gallery-columns-3 gallery-size-thumbnail'><figure class='gallery-item'>\n\t\t\t<div class='gallery-icon landscape'>\n\t\t\t\t<a data-elementor-open-lightbox=\"yes\" data-elementor-lightbox-slideshow=\"6c79372\" data-elementor-lightbox-title=\"psb LOGO\" data-e-action-hash=\"#elementor-action%3Aaction%3Dlightbox%26settings%3DeyJpZCI6ODA4LCJ1cmwiOiJodHRwczpcL1wvZGVyZWxpZmlkYW4uY29tXC93cC1jb250ZW50XC91cGxvYWRzXC8yMDIyXC8wOFwvcHNiLUxPR08ucG5nIiwic2xpZGVzaG93IjoiNmM3OTM3MiJ9\" href='https:\/\/derelifidan.com\/wp-content\/uploads\/2022\/08\/psb-LOGO.png'><img decoding=\"async\" width=\"150\" height=\"150\" src=\"https:\/\/derelifidan.com\/wp-content\/uploads\/2022\/08\/psb-LOGO-150x150.png\" class=\"attachment-thumbnail size-thumbnail\" alt=\"\" srcset=\"https:\/\/derelifidan.com\/wp-content\/uploads\/2022\/08\/psb-LOGO-150x150.png 150w, https:\/\/derelifidan.com\/wp-content\/uploads\/2022\/08\/psb-LOGO-300x300.png 300w, https:\/\/derelifidan.com\/wp-content\/uploads\/2022\/08\/psb-LOGO.png 450w\" sizes=\"(max-width: 150px) 100vw, 150px\" \/><\/a>\n\t\t\t<\/div><\/figure><figure class='gallery-item'>\n\t\t\t<div class='gallery-icon landscape'>\n\t\t\t\t<a data-elementor-open-lightbox=\"yes\" data-elementor-lightbox-slideshow=\"6c79372\" data-elementor-lightbox-title=\"planasa\" data-e-action-hash=\"#elementor-action%3Aaction%3Dlightbox%26settings%3DeyJpZCI6ODA3LCJ1cmwiOiJodHRwczpcL1wvZGVyZWxpZmlkYW4uY29tXC93cC1jb250ZW50XC91cGxvYWRzXC8yMDIyXC8wOFwvcGxhbmFzYS5wbmciLCJzbGlkZXNob3ciOiI2Yzc5MzcyIn0%3D\" href='https:\/\/derelifidan.com\/wp-content\/uploads\/2022\/08\/planasa.png'><img decoding=\"async\" width=\"150\" height=\"150\" src=\"https:\/\/derelifidan.com\/wp-content\/uploads\/2022\/08\/planasa-150x150.png\" class=\"attachment-thumbnail size-thumbnail\" alt=\"\" srcset=\"https:\/\/derelifidan.com\/wp-content\/uploads\/2022\/08\/planasa-150x150.png 150w, https:\/\/derelifidan.com\/wp-content\/uploads\/2022\/08\/planasa-300x300.png 300w, https:\/\/derelifidan.com\/wp-content\/uploads\/2022\/08\/planasa.png 450w\" sizes=\"(max-width: 150px) 100vw, 150px\" \/><\/a>\n\t\t\t<\/div><\/figure><figure class='gallery-item'>\n\t\t\t<div class='gallery-icon landscape'>\n\t\t\t\t<a data-elementor-open-lightbox=\"yes\" data-elementor-lightbox-slideshow=\"6c79372\" data-elementor-lightbox-title=\"CEBAS\" data-e-action-hash=\"#elementor-action%3Aaction%3Dlightbox%26settings%3DeyJpZCI6ODA2LCJ1cmwiOiJodHRwczpcL1wvZGVyZWxpZmlkYW4uY29tXC93cC1jb250ZW50XC91cGxvYWRzXC8yMDIyXC8wOFwvQ0VCQVMucG5nIiwic2xpZGVzaG93IjoiNmM3OTM3MiJ9\" href='https:\/\/derelifidan.com\/wp-content\/uploads\/2022\/08\/CEBAS.png'><img loading=\"lazy\" decoding=\"async\" width=\"150\" height=\"150\" src=\"https:\/\/derelifidan.com\/wp-content\/uploads\/2022\/08\/CEBAS-150x150.png\" class=\"attachment-thumbnail size-thumbnail\" alt=\"\" srcset=\"https:\/\/derelifidan.com\/wp-content\/uploads\/2022\/08\/CEBAS-150x150.png 150w, https:\/\/derelifidan.com\/wp-content\/uploads\/2022\/08\/CEBAS-300x300.png 300w, https:\/\/derelifidan.com\/wp-content\/uploads\/2022\/08\/CEBAS.png 450w\" sizes=\"(max-width: 150px) 100vw, 150px\" \/><\/a>\n\t\t\t<\/div><\/figure>\n\t\t<\/div>\n\t\t<\/div>\n\t\t\t\t\t\t<\/div>\n\t\t\t\t<\/div>\n\t\t\t\t\t<\/div>\n\t\t<\/div>\n\t\t\t\t\t<\/div>\n\t\t<\/section>\n\t\t\t\t<\/div>\n\t\t","protected":false},"excerpt":{"rendered":"<p>Hakk\u0131m\u0131zda Sedat dereli meyve fidanlar\u0131 Y\u00fcksek Kalitede \u00dcr\u00fcnlerimiz d\u00fcnyan\u0131n her yerine gidiyor 1968 y\u0131l\u0131ndan beri ata mesle\u011fi olarak ba\u015flad\u0131\u011f\u0131 meyve fidan \u00fcretimini, Sedat Dereli meyve fidanlar\u0131 olarak devam etmektedir. 15 dekar \u00f6rt\u00fc alt\u0131nda yakla\u015f\u0131k 200.000 adet t\u00fcpl\u00fc fidan \u00fcretimi ve 500 dekar arazide 1.500.000 adet a\u00e7\u0131k k\u00f6kl\u00fc meyve fidan\u0131 \u00fcretimi yap\u0131lmaktad\u0131r. ne Yap\u0131yoruz? Mikro-A\u015f\u0131 teknigiyle [&hellip;]<\/p>\n","protected":false},"author":1,"featured_media":0,"parent":0,"menu_order":0,"comment_status":"closed","ping_status":"closed","template":"","meta":{"site-sidebar-layout":"no-sidebar","site-content-layout":"page-builder","ast-site-content-layout":"default","site-content-style":"default","site-sidebar-style":"default","ast-global-header-display":"","ast-banner-title-visibility":"","ast-main-header-display":"","ast-hfb-above-header-display":"","ast-hfb-below-header-display":"","ast-hfb-mobile-header-display":"","site-post-title":"disabled","ast-breadcrumbs-content":"","ast-featured-img":"disabled","footer-sml-layout":"","theme-transparent-header-meta":"enabled","adv-header-id-meta":"","stick-header-meta":"","header-above-stick-meta":"","header-main-stick-meta":"","header-below-stick-meta":"","astra-migrate-meta-layouts":"default","ast-page-background-enabled":"default","ast-page-background-meta":{"desktop":{"background-color":"","background-image":"","background-repeat":"repeat","background-position":"center center","background-size":"auto","background-attachment":"scroll","background-type":"","background-media":"","overlay-type":"","overlay-color":"","overlay-opacity":"","overlay-gradient":""},"tablet":{"background-color":"","background-image":"","background-repeat":"repeat","background-position":"center center","background-size":"auto","background-attachment":"scroll","background-type":"","background-media":"","overlay-type":"","overlay-color":"","overlay-opacity":"","overlay-gradient":""},"mobile":{"background-color":"","background-image":"","background-repeat":"repeat","background-position":"center center","background-size":"auto","background-attachment":"scroll","background-type":"","background-media":"","overlay-type":"","overlay-color":"","overlay-opacity":"","overlay-gradient":""}},"ast-content-background-meta":{"desktop":{"background-color":"var(--ast-global-color-5)","background-image":"","background-repeat":"repeat","background-position":"center center","background-size":"auto","background-attachment":"scroll","background-type":"","background-media":"","overlay-type":"","overlay-color":"","overlay-opacity":"","overlay-gradient":""},"tablet":{"background-color":"var(--ast-global-color-5)","background-image":"","background-repeat":"repeat","background-position":"center center","background-size":"auto","background-attachment":"scroll","background-type":"","background-media":"","overlay-type":"","overlay-color":"","overlay-opacity":"","overlay-gradient":""},"mobile":{"background-color":"var(--ast-global-color-5)","background-image":"","background-repeat":"repeat","background-position":"center center","background-size":"auto","background-attachment":"scroll","background-type":"","background-media":"","overlay-type":"","overlay-color":"","overlay-opacity":"","overlay-gradient":""}},"footnotes":""},"class_list":["post-92","page","type-page","status-publish","hentry"],"aioseo_notices":[],"_links":{"self":[{"href":"https:\/\/derelifidan.com\/index.php\/wp-json\/wp\/v2\/pages\/92","targetHints":{"allow":["GET"]}}],"collection":[{"href":"https:\/\/derelifidan.com\/index.php\/wp-json\/wp\/v2\/pages"}],"about":[{"href":"https:\/\/derelifidan.com\/index.php\/wp-json\/wp\/v2\/types\/page"}],"author":[{"embeddable":true,"href":"https:\/\/derelifidan.com\/index.php\/wp-json\/wp\/v2\/users\/1"}],"replies":[{"embeddable":true,"href":"https:\/\/derelifidan.com\/index.php\/wp-json\/wp\/v2\/comments?post=92"}],"version-history":[{"count":11,"href":"https:\/\/derelifidan.com\/index.php\/wp-json\/wp\/v2\/pages\/92\/revisions"}],"predecessor-version":[{"id":811,"href":"https:\/\/derelifidan.com\/index.php\/wp-json\/wp\/v2\/pages\/92\/revisions\/811"}],"wp:attachment":[{"href":"https:\/\/derelifidan.com\/index.php\/wp-json\/wp\/v2\/media?parent=92"}],"curies":[{"name":"wp","href":"https:\/\/api.w.org\/{rel}","templated":true}]}}